n base 11, what is 1a55 - -5?
1a5a
In base 15, what is -1 - -344c?
344b
In base 6, what is -3 + -110142?
-110145
In base 10, what is -7 + 5484?
5477
In base 9, what is -24320 + 5?
-24314
In base 6, what is 2 - -4335?
4341
In base 3, what is 1122 + -1222102100?
-1222100201
In base 11, what is -76 - -458?
392
In base 8, what is 264 - -116?
402
In base 3, what is 12 + -110010010?
-110002221
In base 6, what is 0 + 34450?
34450
In base 4, what is 113 - 300030?
-233311
In base 6, what is 4 - -245034?
245042
In base 6, what is -1003023 + 1?
-1003022
In base 9, what is 1753 - 34?
1718
In base 16, what is 9de9e + 4?
9dea2
In base 8, what is -3 + 33130?
33125
In base 3, what is 211011 + 10020201?
11001212
In base 10, what is -2 - -30308?
30306
In base 13, what is 147174 + 2?
147176
In base 2, what is -10010110 + -1110010101?
-10000101011
In base 15, what is -629ac - -5?
-629a7
In base 8, what is -6 - 201216?
-201224
In base 12, what is 2 - 8204?
-8202
In base 12, what is -2301 + 5?
-22b8
In base 7, what is 4 + 350525?
350532
In base 11, what is 123512 - -1?
123513
In base 4, what is -20 + 232321302?
232321222
In base 12, what is -14b614 + 5?
-14b60b
In base 2, what is 10000100000111 - -11001111?
10000111010110
In base 2, what is -10011011110001 + 100?
-10011011101101
In base 13, what is 231a0c - -5?
231a14
In base 4, what is -123 + 11111?
10322
In base 16, what is e6af + 2?
e6b1
In base 14, what is -3 - -1c5a?
1c57
In base 2, what is 10000010110011 + 1001111111?
10001100110010
In base 13, what is 5978 - 13?
5965
In base 12, what is 4 - b3a?
-b36
In base 10, what is -35807 + 9?
-35798
In base 7, what is 451023 + 10?
451033
In base 2, what is 10000111010110 - 11?
10000111010011
In base 14, what is -6b691 - -5?
-6b68a
In base 10, what is -8 - -697?
689
In base 15, what is -39146 + 5?
-39141
In base 14, what is 5158b + -5?
51586
In base 13, what is 64750 + 14?
64764
In base 16, what is -3db + b?
-3d0
In base 8, what is 473 - 1007?
-314
In base 10, what is -3 - 2662?
-2665
In base 11, what is 5 + -7854?
-784a
In base 7, what is 12 - -563?
605
In base 4, what is 200133 - -22?
200221
In base 12, what is -372106 - 1?
-372107
In base 5, what is -4133033 + -4?
-4133042
In base 10, what is -3163270 - 2?
-3163272
In base 11, what is -17270 + 4?
-17267
In base 5, what is 2423 + 233334?
241312
In base 6, what is -1353 - -31052?
25255
In base 13, what is -2732 - 5?
-2737
In base 8, what is 2 + 62147?
62151
In base 5, what is -110014141 - -10?
-110014131
In base 10, what is -4 - -437?
433
In base 4, what is -2201133 + -2213?
-2210012
In base 16, what is 3 - -7938?
793b
In base 12, what is -165 - -105?
-60
In base 8, what is 645 + 2541?
3406
In base 9, what is 3 - 28171?
-28167
In base 11, what is -50 - -1100?
1060
In base 9, what is -418 - -116?
-302
In base 14, what is -ca6 + c?
-c98
In base 15, what is 77eec - 2?
77eea
In base 5, what is -33143 + -141?
-33334
In base 10, what is 57622 + -5?
57617
In base 16, what is -3479 - ee?
-3567
In base 12, what is -4 + 4a1b3?
4a1ab
In base 3, what is 1102000110 - 1?
1102000102
In base 13, what is 6b5 - -677?
105c
In base 3, what is -1000122 + -10102121?
-11110020
In base 3, what is -1201 - -111102222?
111101021
In base 2, what is 10010101 + 100001101?
110100010
In base 11, what is 1874 - 8?
1867
In base 7, what is -122104 + 2?
-122102
In base 10, what is 1040 + -215?
825
In base 8, what is 7 - 117024?
-117015
In base 9, what is -16731 + -360?
-17201
In base 6, what is -50553 + 14?
-50535
In base 13, what is -3 + 25905?
25902
In base 16, what is 397b3 + -2?
397b1
In base 6, what is 2434 - 144?
2250
In base 13, what is -8 + -8853?
-885b
In base 11, what is -3 + -4235?
-4238
In base 10, what is -18607 + -6?
-18613
In base 10, what is -71425 + -2?
-71427
In base 11, what is -686893 - 4?
-686897
In base 4, what is -22 - -213310331?
213310303
In base 16, what is -676 + -79?
-6ef
In base 11, what is -14 - 30a8?
-3111
In base 16, what is -4 - -183c?
1838
In base 3, what is 0 - 111211?
-111211
In base 12, what is 10 - 3894?
-3884
In base 2, what is 11001010 - 1000011100110?
-1000000011100
In base 8, what is 4 - -155143?
155147
In base 8, what is -4530 - 103?
-4633
In base 8, what is 36 - 11533?
-11475
In base 4, what is -32330 - 10101?
-103031
In base 6, what is 100 - 11105?
-11005
In base 10, what is 94932 + 4?
94936
In base 7, what is 32 - 33312?
-33250
In base 12, what is 824a45 + 0?
824a45
In base 14, what is -b + -9042?
-904d
In base 4, what is -13023 + -1132?
-20221
In base 4, what is -3 + 3103301032?
3103301023
In base 2, what is 10001001101001010 + -10110?
10001001100110100
In base 4, what is 23 - 312?
-223
In base 5, what is -12011 + 440?
-11021
In base 5, what is -101142 - -1244?
-44343
In base 2, what is -1100110001101001 - 10001?
-1100110001111010
In base 11, what is -1423a + 73?
-14177
In base 7, what is 125213 - 20?
125163
In base 15, what is 455 + -57?
3ed
In base 13, what is 1085 - 2?
1083
In base 5, what is 344 + 10314?
11213
In base 2, what is 1010111001100000 - -1011?
1010111001101011
In base 8, what is -5 + 744331?
744324
In base 2, what is -101 + -11101111100?
-11110000001
In base 5, what is 3 + 44241?
44244
In base 16, what is -161b + 24?
-15f7
In base 10, what is 5 + 1013?
1018
In base 15, what is 29a + 1?
29b
In base 12, what is 5923 + 10?
5933
In base 5, what is 412 + 24320?
30232
In base 3, what is 11 + -1102102022?
-1102102011
In base 7, what is 334545 - -1?
334546
In base 10, what is 2157 - -466?
2623
In base 11, what is -60 + 1074?
1014
In base 5, what is -3204430 + 22?
-3204403
In base 2, what is 11101010100 - 101011100010?
-1110001110
In base 10, what is 6047 + -19?
6028
In base 4, what is -120322 - 1020?
-122002
In base 2, what is 1 + -100111101011001?
-100111101011000
In base 3, what is 12111112122202 + 0?
12111112122202
In base 16, what is -1a5b3 - 4?
-1a5b7
In base 10, what is 25132 + 89?
25221
In base 9, what is 62325 - -54?
62380
In base 5, what is -1243101 + 2?
-1243044
In base 11, what is -506 + 17?
-49a
In base 7, what is -60 + 4260?
4200
In base 11, what is -55 + -12124?
-12179
In base 2, what is -11 + 101100010101101010110?
101100010101101010011
In base 7, what is 4 + -1230?
-1223
In base 16, what is 5 - -301b?
3020
In base 13, what is -9b + -506?
-5a4
In base 7, what is -11331 - -5?
-11323
In base 3, what is 100000001102 - -112?
100000001221
In base 11, what is -3a818 - -1a?
-3a7a9
In base 13, what is -6051 - 2?
-6053
In base 13, what is -c56 - -c4?
-b62
In base 9, what is -4 + 232705?
232701
In base 3, what is -11020001 + 211?
-11012020
In base 16, what is c - -1b4b?
1b57
In base 13, what is 75 - -22a8?
2350
In base 2, what is 100010010111100 + 10000?
100010011001100
In base 9, what is -15 + -120583?
-120608
In base 14, what is 7 + -2457?
-2450
In base 5, what is 204 - -323?
1032
In base 10, what is 49 - -10958?
11007
In base 5, what is 10 + -12144223?
-12144213
In base 11, what is 0 - -17852?
17852
In base 14, what is 234b - -2?
234d
In base 13, what is -16 - -8cb?
8b5
In base 15, what is -4 + 4de8b?
4de87
In base 12, what is a45aa - -5?
a45b3
In base 9, what is 2343 - -3?
2346
In base 13, what is -3 + -41961?
-41964
In base 15, what is -5 + a1cb?
a1c6
In base 3, what is 11 - 110200200200?
-110200200112
In base 16, what is -229 + -2a?
-253
In base 5, what is 40240 + -340?
34400
In base 14, what is -42b - -2a0?
-16b
In base 11, what is -13019 + -4?
-13022
In base 3, what is 2002021 + 112?
2002210
In base 7, what is 52663 + -2?
52661
In base 11, what is 43 - -33?
76
In base 7, what is 1162 + 2550?
4042
In base 11, what is -181 + -400?
-581
In base 6, what is -23 - -502254?
502231
In base 8, what is 43 - 63240?
-63175
In base 5, what is -2 + 2141213?
2141211
In base 2, what is -1000001110100 - 101111011?
-1000111101111
In base 10, what is -19 - 2621?
-2640
In base 10, what is -13 - 6300?
-6313
In base 12, what is -5 + 4ab3?
4aaa
In base 5, what is 404 + 1143?
2102
In base 6, what is -5 + -1301143?
-1301152
In base 11, what is 3 + 715a?
7162
In base 12, what is 16a58 + 3?
16a5b
In base 16, what is 35957 + -2?
35955
In base 10, what is -29978 - 9?
-29987
In base 3, what is 1201022 + 22000?
2000022
In base 16, what is 58 - 45fb?
-45a3
In base 6, what is 1402152 - -45?
1402241
In base 15, what 